
10
Let v(m) = -9*m**2 + 3*m. Let c(r) = -4*r**2 + r. Let b(w) = -7*c(w) + 3*v(w). Determine b(-5).
15
Let w(c) = c**2 - c - 4. Let v be w(3). Let t(a) = -2*a - 2*a**2 + 6 - a**v + a**2 - 5. Determine t(2).
-11
Let i(a) = a**2 - 8*a + 8. Let b be (2/9)/(((-40)/(-45))/8). Let c be ((-14)/(-6))/(35/(-21) + b). What is i(c)?
1
Let b(a) = 3*a + 29. Suppose 19 = -2*h + h - 2*t, -2*t + 8 = -2*h. Let k be b(h). Let s(n) = -7*n + 2. Give s(k).
-12
Let d(g) = -g**3 - 16*g**2 - 19*g - 61. Let m be d(-15). Let p(u) = 47*u**3 + u**2 + u + 1. Give p(m).
-46
Suppose -2*a - 76 = -p - 2*p, 3*p + 2*a = 92. Suppose -25*j = -p*j + 21. Let m(r) = -r**3 + 7*r**2 + r - 2. Give m(j).
5
Let k(u) = -u**2 + 6*u - 22. Let a(w) = -6*w**2 + 31*w - 111. Let z(o) = -2*a(o) + 11*k(o). What is z(-7)?
1
Let s(h) = h**2 + 8*h - 15. Let x(d) = -d**3 + 2*d**2 + 6*d - 1. Let v be x(4). Let p be s(v). Let y(n) = -2*n + 2 - 1 + n**2 + 7*n. Calculate y(p).
7
Let r(x) = 3*x - 3*x - 4*x - x**2 - 3*x. Let u(v) = 3*v**2 + 19*v + 1. Let c be u(-6). Give r(c).
10
Let x(o) = o**3 - 13*o**2 - 13*o - 5. Let s(p) = p**2 + p. Let d(q) = 5*s(q) + x(q). Give d(9).
4
Let l = 297 - 593/2. Let y(x) be the first derivative of x**3 - l*x**2 + 1/4*x**4 + 2*x + 3. Give y(-4).
-10
Let o(c) = 3*c. Let v be o(2). Let w(a) be the first derivative of -a**6/360 + a**5/20 + a**3 - 6. Let t(n) be the third derivative of w(n). Give t(v).
0
Suppose u - 21 = -2*u. Let m = u - 2. Let g(p) be the third derivative of -p**6/120 + p**5/12 + p**4/8 - 5*p**3/6 + p**2. Give g(m).
10
Let t(a) = a**3 + 4*a**2 - 6*a - 11. Suppose -4*v - 2*d = 30, v = 2*d + 10 - 5. Calculate t(v).
-6
Let h(v) = v**2 - v + 13. Suppose -4*p + 249 = -0*p + d, -182 = -3*p + 4*d. Let y = p - 62. Calculate h(y).
13
Suppose -2*v - 4*a = 22, -41*v + 37*v - 14 = 2*a. Let t(r) = r**3. Determine t(v).
-1
Let i(x) = -165*x + 4 + x**3 + 342*x - 4*x**2 - 2*x**2 - 176*x. Let n(o) = -o**3 - 6*o**2 + 6*o - 1. Let k be n(-7). Determine i(k).
10
Let b(q) = 11*q - 8. Let x be (-5*3/(-9))/(107/(-321)). Determine b(x).
-63
Let z(y) = y - 4. Let l be z(6). Suppose -l*o - 4 = 5*k - 14, 4*k = o + 21. Let f = o + -1. Let i(u) = -u**2 - 5*u. Determine i(f).
-6
Let s(o) = 6*o. Let f be s(1). Let h(q) be the first derivative of 3/2*q**2 - 1/4*q**4 + 2*q**3 - 8*q + 3. Calculate h(f).
10
Let w be 26/(-6) + (-2)/(-6). Let k(m) be the third derivative of -m**6/120 - m**5/20 + m**4/6 + m**3/6 - 1797*m**2. Calculate k(w).
1
Let g(b) = -b + 2. Let d(o) = -o + 4. Let k(s) = -3*d(s) + 4*g(s). Calculate k(-6).
2
Let z(g) be the second derivative of 5/6*g**3 - 4*g**2 + 4*g - 1/2*g**4 - 1/20*g**5 + 0. Determine z(-7).
6
Let o(u) = -u**2 + 17*u + 21. Let l be o(18). Let k(w) = 8*w**2 + w**l - 2*w - 2 - 6*w - 2 + 9. What is k(-9)?
-4
Let l(k) = -k**3 + 10*k**2 - 12*k - 27. Let a be l(8). Let j(x) = x**3 - 5*x**2 + 2*x - 5. Calculate j(a).
5
Let l(m) = -4*m**2 + 5*m - 14*m**2 + 0*m**2 + 9 + 21*m**2 + m**3 + 2*m**2. Calculate l(-4).
5
Let h(n) be the first derivative of -n**6/360 - n**5/24 - n**4/6 + 8*n**3/3 + 10. Let c(m) be the third derivative of h(m). Give c(-5).
-4
Let o be 1/(1*4/8). Suppose 3*n = 0, -o*d - d + 6 = -4*n. Let z(b) = -b**2 - b + 2. What is z(d)?
-4
Let r(k) = -1. Let o(z) = 4*z + 2. Let l(u) = o(u) + 3*r(u). Suppose -5*w - 4*i - 23 = 0, 4*i + 15 + 5 = -4*w. Determine l(w).
-13
Let a(m) be the first derivative of m**3/3 + 2*m**2 + 3*m - 208. Determine a(-2).
-1
Let y(l) = l**3 + l**2 + l - 13. Suppose 3 = -2*f + 9. Suppose -3*s = 9, -f*s - 9 = -2*p + 3*p. What is y(p)?
-13
Let g(q) = -2*q**2 + 2*q + 4. Suppose 0 = -22*v + 69 - 3. Determine g(v).
-8
Let f(a) = a**2 + 9*a - 2. Let t(c) = -5*c**2 - 46*c + 8. Let r(v) = 11*f(v) + 2*t(v). What is r(-7)?
-6
Suppose 89 = a - q + 4*q, 0 = -a + 2*q + 99. Let j = 88 - a. Let k(d) = 2 - 2 + d + 2. Determine k(j).
-5
Let h(o) = o**2 - 3*o - 8. Let c(g) = 2*g**2 - 3*g - 9. Let y(l) = 5*c(l) - 6*h(l). Let v be y(-1). Let a(z) = 2*z - 1. Give a(v).
7
Suppose 3*q + 3 = 21. Let w(r) be the third derivative of 1/4*r**4 + 0*r + 2/15*r**5 + 0 - 5/3*r**3 + 1/120*r**q - 4*r**2. Give w(-7).
-3
Let f(w) = 0 + 2*w**2 - 6*w + 7*w + 8*w - 15 - w**2. Give f(-11).
7
Suppose 0 = 2*q - 4*a + 14, 3*a - 11 = 3*q - a. Suppose 1 + q = 5*v - 2*y, -1 = -2*v + y. Let f(t) = -8*t + t**3 + 0 + 1 + 4 - 4 - 6*t**v. Give f(7).
-6
Let w = 5293 + -5299. Suppose 3*h - b = 37 - 7, 2*h - 33 = 5*b. Let l(s) = 6*s + h - 4*s - s. Determine l(w).
3
Let v be 6/21 + 30/(-7). Let l(j) = j**2 - 7*j + 3. Let g be l(7). Let y(x) = -2 + x**2 + 5*x - g - 11*x + 7*x. Give y(v).
7
Let i be ((-4)/(-6))/((-4)/(-24)). Let a(g) = g**3 - 3 - i*g + 5*g - 2*g - 2. Determine a(0).
-5
Let b(y) be the first derivative of y**2/2 - 5*y - 91. Give b(6).
1
Let h be (2/3*9)/(12/8). Let j(w) = w**2 - 272*w + w**2 + h*w**3 + 1 + 274*w. Calculate j(-1).
-3
Suppose 0 = -2*z + 17*t - 12*t + 20, 10 = -5*t. Let l(y) = -2*y**2 + 5*y + 7. Determine l(z).
-18
Suppose 2*i + h - 13 = 0, -2*h = 5*i - 22 - 9. Suppose -20 + 40 = -i*z. Let k(s) = -s**3 - 6*s**2 - 5*s + 3. Determine k(z).
-9
Suppose 0 = 3*g - r - 6, 0 = 6*g - g + 3*r - 24. Let c(u) = -6*u**g + 1 - 2 - 2*u + 7*u**3. Calculate c(3).
20
Let i(y) = 2*y + 4. Let z(n) = -6*n + 26. Let u(g) = -g**3 + 3*g**2 + 4*g - 7. Let t be u(3). Let w be z(t). What is i(w)?
-4
Let k(q) be the second derivative of -q**5/20 - q**4/3 + 5*q**3/6 - 5*q**2/2 - 359*q. Let i = -4 + 9. Suppose -m + 5*w - 6 = 4, -4*w + 29 = -i*m. What is k(m)?
-5
Let i = 10 - 8. Let o(v) = v**3 - 6*v**i - v + 6 + 9 + 6 - 16. Suppose 5*d - 24 = 3*t, -2*d + t = 2*d - 22. What is o(d)?
-1
Let b(j) be the third derivative of j**5/60 + j**4/24 - j**3/2 - j**2. Suppose -7*p = 6*p - 78. Suppose v = -3*v + p*v. Calculate b(v).
-3
Let o(q) = 9*q + 9*q - 16*q. Let h(v) = -2*v - 1. Let y(r) = -3*h(r) - 2*o(r). Give y(-2).
-1
Suppose -22 = 3*g - 13. Let p be (-4 + g)*-1*(-2 + 3). Let o(a) = a + 10. What is o(p)?
17
Let b(j) be the third derivative of j**6/720 - j**5/60 - j**4/8 - 3*j**2. Let o(q) be the second derivative of b(q). Suppose 0 = 16*f - 20*f - 8. What is o(f)?
-4
Suppose 12 = 5*z - 13. Suppose 4*w + z*v + 11 = 0, 4*w - 7*w = -3*v + 15. Let c(b) = -2*b**2 - 6*b. Give c(w).
-8
Let f = 4822 + -4815. Let s(o) = 0*o + 10 - 1 - 4*o. What is s(f)?
-19
Suppose 2*n + 2*f + 16 = 0, n + 5*f + 12 = 2*f. Let m(y) = y + 2. Let t be m(n). Let l(h) be the second derivative of h**4/12 + 2*h**3/3 - 2*h. Give l(t).
0
Suppose 0 = -2*x + 5*j - 8, -3*x + 3*j + 1 = 4. Let y(i) = 57*i**2 + 17*i. Let w(a) = -23*a**2 - 7*a. Let z(q) = -12*w(q) - 5*y(q). Determine z(x).
-10
Let v(q) be the second derivative of 0 - 1/2*q**2 + 1/20*q**5 - 1/12*q**4 + 1/6*q**3 + 2*q. Suppose 3*s + 2*j - 1 = 0, -4*j + 77 = -s + 82. Give v(s).
0
Let w(n) = 5*n - 15. Suppose 7*s + 28 = 11*s. What is w(s)?
20
Let d(m) = -11*m + 1 + 7 - 1 + 13*m. Calculate d(-10).
-13
Suppose -7 - 8 = -3*s - 5*v, 3*v = -5*s + 25. Let j(z) be the third derivative of z**4/24 + z**3/3 - 7*z**2. What is j(s)?
7
Let t(x) = -x**3 + 6*x**2 - 7*x + 6. Let y be (4 - (-11 + 7)) + -1 + 2. Let f = y + -5. Calculate t(f).
10
Let b(f) = -2*f**2 + 6*f - 2. Let z(c) = -c**2 - 338 - c**3 + 6*c - c**2 + 342 - 3*c**2. Let w be z(-6). Determine b(w).
-10
Let z(t) be the third derivative of -t**5/60 - t**4/12 + 10*t**3/3 + 650*t**2. Calculate z(-6).
-4
Let v(c) be the first derivative of -7*c**2 - 4*c - 1. What is v(3)?
-46
Suppose -133*m = -209*m + 456. Let c(y) be the third derivative of -1/2*y**3 + 1/120*y**m + 1/12*y**5 + 11*y**2 + 0 + 0*y - 7/24*y**4. Calculate c(-6).
3
Let n(t) be the first derivative of -t**3/3 - 3*t**2/2 - 7*t + 13. Let p(u) = u + 1. Let b(m) = n(m) + 4*p(m). Calculate b(5).
-23
Let y = 0 + 2. Let j(v) be the first derivative of v**4/12 - v**3/6 - 3*v - 3. Let s(x) be the first derivative of j(x). What is s(y)?
2
Let u(c) = c**3 - 14*c - 11. Let n be u(-3). Let m(a) = 2*a - 5. Determine m(n).
3
Suppose 0 = 2*o - 2*r - 2, 0 = -2*o + 5*o - r + 3. Let l be (-4)/(o + 3) - 0. Let k(y) = -y - 4. Give k(l).
0
Suppose 70 = 4*o - 90. Let p = o - 22. Let u = 15 - p. Let b(a) = -a**3 - 4*a**2 - 4*a + 1. Determine b(u).
4
Suppose 12 = -2*p - 2*h - 3*h, 0 = -4*p - 2*h + 8. Suppose d = p*r - r + 14, -3*d = -6. Let g(s) = -6*s - 3*s**2 - 3*s**2 - 3 - 5*s**3 + 4